3*r = 412425. What are the prime factors of r?
3, 5, 47
Let m = -104 - -3. Let s = m - -55. Let f = -20 - s. What are the prime factors of f?
2, 13
Let l(p) = p**3 + 6*p**2 - 6. Let i be l(-6). Let s(f) = 2*f**2 + 16*f - 162. Let d be s(6). What are the prime factors of (-4)/d + (-202)/i?
3, 11
Suppose 15*x = 12 + 78. Let s = 10 - x. List the prime factors of 2/((6/s)/((-81)/(-12))).
3
Let z = -6 + 9. What are the prime factors of (3924/(-16) - 3)/(z/(-8))?
2, 331
Let b(p) = -p**2 - 6. Let w be b(0). Let h(c) = 12*c - 6. Let d be h(w). Let x = d + 148. What are the prime factors of x?
2, 5, 7
Let g be ((-50)/5)/((-4)/88). Suppose j + 4*j - 1116 = l, l + g = j. Suppose -j = -d - 7*d. What are the prime factors of d?
2, 7
Let u = -7430 - -20176. List the prime factors of u.
2, 6373
Let j = 42 + -38. Let v(p) = -36*p + 1. Let a be v(j). Let l = a + 221. List the prime factors of l.
2, 3, 13
Let q be 3/(-6)*10*6. Let y = -24 - q. What are the prime factors of y - 4 - (-145 - -2)?
5, 29
Let r(i) = 2202*i**2 + 840*i - 3350. List the prime factors of r(4).
2, 67, 263
Suppose -2268*s = -2273*s + 3730. What are the prime factors of s?
2, 373
What are the prime factors of (-29208)/9*(4/(-10))/((-168)/(-2835))?
2, 3, 1217
Suppose 114*s + 2*t - 40270 = 111*s, 0 = -3*s - 3*t + 40272. List the prime factors of s.
2, 3, 2237
Suppose 4*v - 20840 = -13*n + 11*n, -3*n + 2*v = -31292. What are the prime factors of n?
2, 3, 11, 79
List the prime factors of (-12)/((5 + -15)/10*2/314).
2, 3, 157
Let f(o) = -o**3 + 6*o**2 - 8*o + 17. Let i be f(4). Suppose -5*q = 2 - i. Suppose 8 = q*n - 46. What are the prime factors of n?
2, 3
Let k = -7653 - -11486. Suppose -8*r = -k - 855. List the prime factors of r.
2, 293
Let s(w) = w**3 + w**2 + 21. Let d(r) = 2*r**3 + 3*r**2 - r + 40. Let t(m) = 3*d(m) - 7*s(m). List the prime factors of t(-7).
3, 5, 29
Suppose 53*o - 51*o - w - 21921 = 0, 4*w = 4*o - 43852. List the prime factors of o.
2, 5479
Let p(r) = -r**3 + 6*r**2 + 13*r - 27. Let o be ((-2)/3)/((-130)/135 - -1). Let h = o - -24. List the prime factors of p(h).
3, 17
Let u(s) be the third derivative of -s**4/4 - 2*s**3 - s**2. Let n be (13 - 5) + 3 + -14. What are the prime factors of u(n)?
2, 3
Let p(l) = 3*l - 30. Let j be p(12). Let b be (-34)/6 + 4/j. List the prime factors of 54/(0/b + 2).
3
Let g(t) = -t**2 - 6*t + 4. Suppose 2*d - 3*n + 18 = d, -5*n + 44 = -4*d. Let x be g(d). Suppose x*r + 63 = 5*r. What are the prime factors of r?
3, 7
Suppose 0 = 5*o + 3*c - 53 + 337, -2*o + 5*c - 126 = 0. Let r = -60 - o. What are the prime factors of (((-128)/(-10))/r)/(14/(-385))?
2, 11
Let l(p) be the second derivative of 5*p**5/4 + p**3/6 - 3*p**2/2 - 59*p + 1. What are the prime factors of l(2)?
199
Let g = -76 + 76. Suppose -2*r + 2*o + 12 = -g*r, 26 = 4*r - 5*o. List the prime factors of 33 + (3 - 8/r).
2, 17
Let k be 10 + (2 - 0)*-1. Suppose -10*r - 68 = -k. Let c(w) = -19*w - 8. What are the prime factors of c(r)?
2, 53
Let c(r) = 1343*r - 595. What are the prime factors of c(8)?
3, 17, 199
Let b be (-7)/((-66)/30 + 2). List the prime factors of -17*b*42/(-105).
2, 7, 17
Suppose -3*s - 50 = -5*i, s - 15 - 5 = -2*i. What are the prime factors of i/20 - 621/(-6)?
2, 13
Let d(n) = 4*n**2 - 78*n - 1168. List the prime factors of d(-138).
2, 41, 523
Let x be 34/(-5) + 2/(-10). Let b(y) = -122*y - 69. List the prime factors of b(x).
5, 157
Let v(u) = u**3 + 122*u**2 - 6*u + 108. What are the prime factors of v(-121)?
5, 619
Suppose 5*w + 4*w - 45 = 0. Suppose 0 = 4*g - 3*g + 1. List the prime factors of g/w + (2457/(-5))/(-7).
2, 5, 7
Let t(y) = 82*y + 67. Let n be t(15). Suppose 6*w - n = -349. List the prime factors of w.
2, 79
Suppose -m = -7*m + c + 153881, 5*c - 35 = 0. List the prime factors of m.
2, 7, 229
Suppose -27199 = -2*m - c, -5*m - c + 39228 = -28768. List the prime factors of m.
3, 1511
Let m(k) = -17*k + 25 + 3*k - 10 + 23*k**2 - k**3 - 4*k + 48. List the prime factors of m(19).
5, 233
Suppose 5*w = -d + 6452 + 8523, -3*w = 4*d - 60019. What are the prime factors of d?
2, 5, 19, 79
Let i(h) = 8*h + 32. Let d be i(-4). Suppose 20*u + d*u = 21080. What are the prime factors of u?
2, 17, 31
Let q(p) = p**2 + 2*p - 1. Suppose -n - 5*i - 22 = 0, -25 = -0*i + 5*i. Suppose -3*l - 6 = 2*o - n, 12 = -4*l. List the prime factors of q(o).
2, 7
What are the prime factors of ((-3562)/(-14))/((-255)/(-3570))?
2, 13, 137
Let p(k) = k**2 - 12*k + 5. Let u be p(12). Let c(n) = 3*n - 9. Let s be c(u). Suppose 0 = s*f + 7 - 91. List the prime factors of f.
2, 7
Let m(c) = 328*c**2 + 133*c + 1271. What are the prime factors of m(-10)?
29, 1129
Let l(j) be the third derivative of 11*j**4/12 - 85*j**3/3 - 2*j**2 - 9*j. List the prime factors of l(18).
2, 113
Let v = 657 + -651. Suppose 4*w - 2 = 2. What are the prime factors of w/(-2 + v - 3)*74?
2, 37
Let p(k) = -4*k - 4. Let x = 51 + -53. Let u be p(x). Suppose -o + 3*h = 4*o - 279, -u*o - 5*h + 201 = 0. What are the prime factors of o?
2, 3
Let f(w) be the first derivative of 14*w**3/3 + w**2 - 7*w + 15. What are the prime factors of f(-3)?
113
Suppose 11*d - 33 = 22. Suppose d = 5*g, -5*k + 25 = 2*g - 142. List the prime factors of k.
3, 11
List the prime factors of (-57)/95 + 0 + (1 - 53266/(-10)).
7, 761
Let q(n) = -n**3 - 5*n**2 - n + 8. Let v be q(-5). Let i be v/(546/7152) + 4/(-14). Suppose -5*f - i = -1355. List the prime factors of f.
3, 79
Suppose -3*v - 2*v = 60. Let m(a) = a**3 - 36*a**2 - 36*a - 53. Let l be m(37). List the prime factors of ((-153)/v)/((-3)/l).
2, 17
List the prime factors of (7 + -30*(54/24 - 2))*-18508.
2, 7, 661
Let a(u) = -u + 1. Let n(t) = -2*t + 1. Let z(w) = 5*a(w) - 2*n(w). Let p be z(1). Suppose -336 = -p*r - 2*r. What are the prime factors of r?
2, 3, 7
Let l = -25168 - -42355. List the prime factors of l.
3, 17, 337
Let l be 3*4/12 - -1. Let a(i) = 46*i - 5 + 8*i + 35*i. List the prime factors of a(l).
173
Suppose 4*w - 220 = -5*k + 333, 3*k = -3*w + 414. Suppose 13 - 1 = -3*h, -r + h = -w. What are the prime factors of r?
7, 19
Let u = 306 - 151. Suppose o = -4*a - u + 543, o - 4*a - 428 = 0. Let b = -256 + o. List the prime factors of b.
2, 19
Suppose 0 = -40*y + 161767 + 452015 + 329858. What are the prime factors of y?
31, 761
Suppose -4*j + 6*j = w, 0 = -w - 2*j. Suppose -8*x + 2764 + 2132 = w. List the prime factors of x.
2, 3, 17
Let r = 41 - 44. Let z(g) = -8*g**2 - 4*g - 2. Let n(t) = -16*t**2 - 9*t - 3. Let l(q) = 3*n(q) - 7*z(q). What are the prime factors of l(r)?
2, 37
Let c be 1174*(-6 - (-33)/6). Let r = c - -864. What are the prime factors of r?
277
Let o be (-66)/231 + (-23)/(-7). Suppose -2*m + o*l = 216 - 1039, -2*l - 1666 = -4*m. What are the prime factors of m?
419
List the prime factors of 280/(-6)*(-3648)/190.
2, 7
Let i = -3905 - -3903. Let u(b) = 18*b**2 - 10*b - 12. Let g(r) = -55*r**2 + 29*r + 35. Let o(p) = -3*g(p) - 8*u(p). List the prime factors of o(i).
89
Suppose 0*t - t - 6 = 5*h, 0 = -3*h - t - 2. Let v be h/(-1)*4/(-8). List the prime factors of v*(-71 + 0)*1.
71
Let j(r) = 4*r**2 + 16*r + 11. Let y be j(-19). Suppose -n - 9*n + 80 = 0. Suppose 3*w - n*w + 1165 = 5*f, -5*w + 2*f + y = 0. List the prime factors of w.
3, 7, 11
Let a = -6 - -10. Suppose 2*j = -a*j + 168. What are the prime factors of 1/(4/j)*15*1?
3, 5, 7
Suppose -3*g + 8 = -1. Suppose -i + 544 = -g*i. What are the prime factors of (i/10)/(38/(-95))?
2, 17
Let b(j) = -5*j**3 - 12*j**2 + 15*j + 909. List the prime factors of b(-21).
3, 23, 67
List the prime factors of (99/11 - 6) + 2405 + 0 - -1.
3, 11, 73
Let m(a) = -59*a**3 - 85*a**2 - 4*a - 1. What are the prime factors of m(-7)?
17, 947
Let r(n) = n**3 + 11*n**2 + 6*n - 598. Let m(y) = -2*y**2 - y. Let f(z) = -6*m(z) - r(z). What are the prime factors of f(0)?
2, 13, 23
Let q be (-483)/23*(-10)/(-6). What are the prime factors of 445 + 9/(45/q)?
2, 3, 73
Suppose -63*s + 26*s = -148. List the prime factors of 882/s*4/3.
2, 3, 7
Suppose 0 = -5*p + 4*i + 45, 5*p + 3*i - 90 = -2*i. Let s(t) = -29*t + 16. Let l be s(0). Let u = l - p. List the prime factors of u.
3
Let i = -23 + 13. Let j be ((-299)/(-65))/((-2)/i). List the prime factors of (10 + -12)/((-1)/j).
2, 23
Suppose 3*c = 19 + 71. Let q be (-4)/1 + 5/(c/48). Suppose 7*k -